*h. What is the remainder when t is divided by 34?
19
Let b = -14 + 121. What is the remainder when b is divided by 37?
33
Let d(v) = -v**3 + 23*v**2 - 24*v + 27. Let t be d(22). Let m = 64 + t. What is the remainder when m is divided by 12?
11
Let p = 305 - 282. Calculate the remainder when (-2 - -2)/1 - -66 is divided by p.
20
Suppose -5 = -4*d + 3*d. Let v = 140 - 121. What is the remainder when v is divided by d?
4
Let j(d) be the first derivative of -d**3/3 + 5*d**2 + d - 9. Suppose -18 = -4*r + 30. Calculate the remainder when j(7) is divided by r.
10
Let y = -175 + 190. What is the remainder when 418 is divided by y?
13
Let k = -258 + 275. Calculate the remainder when 65 is divided by k.
14
Let d be (-10)/(-3) - 7/21. Let t = d - -26. Calculate the remainder when 115 is divided by t.
28
What is the remainder when 131 is divided by 4/(12/125) - 16/24?
8
Suppose -2*f - 40 = 3*f. What is the remainder when (-4)/14 + (-746)/(-14) is divided by (7/(-4))/(1/f)?
11
Let r be 30/9*30/(-4). Let z = r + 57. Suppose 2*t - 68 = -2*t. Calculate the remainder when z is divided by t.
15
Suppose 0 = -5*p - 25, -4*v + 2*p = -6*v + 20. Suppose -8*x + 3 = -11*x. What is the remainder when v is divided by (-4)/14*(x - 13)?
3
Let g = -19 - -50. Let t = g + -19. What is the remainder when t is divided by 2?
0
Let l = 70 + 72. Calculate the remainder when l is divided by 21.
16
Suppose 0 = 8*z - 326 - 154. Calculate the remainder when z is divided by 17.
9
Let u(b) = -34*b - 234. Calculate the remainder when ((-14)/3)/(2/(-6)) is divided by u(-7).
2
Suppose 2 - 22 = -4*d. Suppose -d*n - 2*f = -0*n - 48, -60 = -5*n - 5*f. What is the remainder when n is divided by 2*(-2 + (-7)/(-2))?
2
Suppose 2*x - 10*x + 96 = 0. Suppose -4 = -4*v + 3*v. What is the remainder when x is divided by v?
0
Suppose -3 = 2*t - 3*t. Let r = 45 - t. What is the remainder when r is divided by 9?
6
What is the remainder when 86 is divided by ((-6)/(-12)*-6 - -7) + 4?
6
Let l = 210 - -225. What is the remainder when l is divided by 19?
17
Suppose 26 = 6*u - 4*u. Let g = 349 - 302. What is the remainder when g is divided by u?
8
Let u(k) = -835*k**3 + k. Let c be u(1). What is the remainder when (-12)/(-16) - c/8 is divided by 36?
33
Let u = 727 - 648. What is the remainder when 236 is divided by u?
78
Let z(h) = h + 17. Let u be z(-8). Let y be (-120)/(-2) + (6 - u). Suppose -r + y = 2*r. What is the remainder when 54 is divided by r?
16
What is the remainder when 3/4*76472/363 is divided by 12?
2
Let t = 129 - 69. Let h(n) = 375*n**3 + n**2 + n. Let v be h(-1). Calculate the remainder when t is divided by v/(-12) - (-2)/(-8).
29
Suppose -43*a = -23*a - 720. What is the remainder when 322 is divided by a?
34
Let c = 49 + -50. Let p(n) = -25*n - 3. What is the remainder when p(c) is divided by 12?
10
Suppose 291 = 23*i - 169. Calculate the remainder when 115 is divided by i.
15
Suppose 0 = 2*w - 4*w - 3*b + 227, -2*w + 215 = -b. Calculate the remainder when w is divided by 11.
10
Let c = 789 + -415. Calculate the remainder when c is divided by 97.
83
Let p(o) = -o**3 - 5*o**2 + 11*o + 21. Let v be p(-7). Suppose v = -j + 45. What is the remainder when 3 is divided by j?
0
Suppose 2*w + 158 = 4*h, -w + 167 = 6*h - 2*h. What is the remainder when 734 is divided by h?
37
Suppose 0 = 103*i - 50*i - 742. What is the remainder when 515 is divided by i?
11
What is the remainder when 1581 is divided by ((-7)/7)/((-6)/96)?
13
Suppose 46 = 5*p + 16. Suppose 0 = -6*l + 6 + p. Calculate the remainder when 3 is divided by l.
1
Suppose 0 = s + s - 6. Let i(r) = -r**2 + 5*r + 7. Let a be i(5). Let m = a + -5. What is the remainder when s is divided by m?
1
What is the remainder when 134 is divided by 147/30 + (-25)/(-250)?
4
Suppose 8*k = -0*k + 152. Suppose -3*a - 9 = 0, f + f = -a + 97. Calculate the remainder when f is divided by k.
12
Calculate the remainder when (-2)/7 - 1059/(-7) is divided by 20 - (-10 + 10 + -19).
34
Suppose d + 258 = 2*o - 4*d, 4*o - 544 = -4*d. What is the remainder when o is divided by 8?
6
Suppose 8*r - 3*r + 470 = 0. Let c = r - -102. Calculate the remainder when (-2)/4 - 59/(-2) is divided by c.
5
Let r(n) = -n**3 - 3*n**2 + 3*n + 2. Let q(i) = -2*i. Let s be q(2). Let o be r(s). Suppose 0 = -o*k + k + 60. What is the remainder when k is divided by 8?
4
Let l(y) = -14 + 4*y - y**2 + 6 - 4 + 17*y. What is the remainder when 31 is divided by l(20)?
7
Let o = -758 + 1110. Suppose 7*g - o = -9*g. Calculate the remainder when ((-21)/(-5))/((-2)/(-20)) is divided by g.
20
Let p = 9 - 1. Let y be ((4 - -1) + -4)/(-1 + 0). Let i = y - -28. Calculate the remainder when i is divided by p.
3
Let j = -62 + 96. Suppose -198*b + 48884 = 21*b + 23*b. What is the remainder when b is divided by j?
32
Suppose 0 = 3*n - 2*n. Let f be n/(3/(-1) + 1). Suppose v + f*v - 2*h - 11 = 0, 0 = 3*v - 5*h - 33. What is the remainder when v is divided by 7?
4
Calculate the remainder when (5 - 1349)/(-8) - -7 is divided by 38.
23
Calculate the remainder when 189 is divided by 274/8 + (-9 - 105/(-12)).
19
Suppose -70*n = -1386 - 154. Calculate the remainder when 362 is divided by n.
10
Let m(z) = -z**2 - 16*z - 8. Let q(r) = r**2 + 14*r + 22. Let v be q(-11). Calculate the remainder when m(v) is divided by 24.
23
Suppose -2*d + 31 = -h, -2*d - 2 + 34 = -2*h. What is the remainder when 1 - (1 - 27*1) is divided by d?
12
Let t = 786 + -706. What is the remainder when t is divided by 24?
8
Let n be (-2)/5 + (-486)/(-15). Suppose 0 = 3*o - 5*z - 0*z - 3, o - 11 = 5*z. What is the remainder when 20 is divided by ((-7)/o)/(8/n)?
6
What is the remainder when 94 is divided by 150/(-9)*9/(-6)?
19
Suppose -184*x = c - 180*x - 127, 2*c - 245 = -5*x. What is the remainder when c is divided by 13?
11
Suppose k = -3*v + 305, -191 - 214 = -4*v - 3*k. Let w = v - 80. What is the remainder when 63 is divided by w?
19
Suppose 21*q = 23*q + 144. Let n = -53 - q. Calculate the remainder when 34 is divided by n.
15
Let m = 1646 - 1526. What is the remainder when m is divided by 101?
19
Let o be 18/10 - 2/(-10). Suppose 4*a - 8*a + 84 = 0. What is the remainder when a is divided by ((-2)/3)/(o/(-33))?
10
Let q = 10 + -1. Suppose 2*u - 186 + 32 = 0. Let r = u + -51. What is the remainder when r is divided by q?
8
What is the remainder when 242 is divided by (8 + -2 - -37) + (9 - 3)?
46
What is the remainder when 318 is divided by -8 + 4/4 + 85 - -2?
78
Suppose -2*n - 3*j + 22 = 0, -j - 27 = -3*n - 4*j. Let m(l) = 12*l + 16. Let d be m(-5). Let b = 53 + d. What is the remainder when b is divided by n?
4
Let v = -234 + 138. Let m be 1/3 + v/(-9). Suppose 0 = -4*u + m + 17. What is the remainder when u is divided by 2?
1
Suppose -3*d - 4*u = -d - 104, -5*d = -3*u - 312. Suppose -g + d = 3*g. Calculate the remainder when 28 is divided by g.
13
Suppose -g = g - 74. Calculate the remainder when 15/(-15)*(-5)/((-25)/(-920)) is divided by g.
36
Let y(c) = 9*c - 10. Let v be y(6). Let n = v + -24. What is the remainder when n is divided by 6?
2
Suppose -2*i - 585 = -17*i. Calculate the remainder when 49 is divided by i.
10
Let f = 2126 + -1917. What is the remainder when 649 is divided by f?
22
Let n(b) = 2*b + 9. Suppose 35*r = 16*r + 912. What is the remainder when r is divided by n(8)?
23
Let h = 2977 - 2869. Calculate the remainder when 200 is divided by h.
92
Suppose 6*c + 174 = 1290. What is the remainder when c is divided by 24?
18
Let n(l) be the second derivative of l**3/3 + l**2/2 + 11*l. Suppose -2*z - 9 = -3*z. What is the remainder when n(8) is divided by z?
8
Let r = 4 + 8. Suppose i - 5*q + 53 = 3*i, 0 = 2*i + 2*q - 62. What is the remainder when i is divided by r?
10
Suppose 5*k - 19 = 6. Suppose 0 = -4*a - 19 + 359. Calculate the remainder when a is divided by (-3 - 2)*(-22)/k.
19
Suppose -23*i - 104 = -19*i. Let v = -10 - i. Calculate the remainder when 44 is divided by v.
12
Let c(t) = -35*t - 177. What is the remainder when 1681 is divided by c(-6)?
31
Suppose -4*l = 16, 3*l - 265 = -2*f + 131. Calculate the remainder when f is divided by 41.
40
Let i = 12 - 5. Suppose 3 = -2*f + 9. Calculate the remainder when i is divided by f.
1
Let v(h) = -h - 1. Let g(n) = -n - 9. Let p(s) = g(s) - 2*v(s). What is the remain